- y - 15 = 63. What are the prime factors of u?
2
Suppose 0 = 5*v - 581 + 106. List the prime factors of v.
5, 19
Let j(p) = p + 3. Suppose z = 4, 4*g - 5 = -2*z + 3. What are the prime factors of j(g)?
3
Let d(k) be the second derivative of -k**5/20 + 5*k**4/12 - 5*k**3/6 + 3*k**2 + k. Let x be d(4). Suppose -x*c + 5*c = 18. What are the prime factors of c?
2, 3
Let q = -2 - -4. Suppose 11*y - 20 = 6*y. Let f = y + q. What are the prime factors of f?
2, 3
Let t(o) = o**2 + 5*o + 4. Let l be t(-4). Suppose l*m + 16 = 4*m. Let s = 1 + m. List the prime factors of s.
5
Let u(y) = -y + 1. Let o be u(-5). Let c(s) = 5*s - 4. List the prime factors of c(o).
2, 13
Let r = -1 - 1. Let f be ((-1)/(-1))/(1/(-6)). What are the prime factors of 3/3*f/r?
3
Let o = -78 - -128. Suppose 4*x - 16 = -0*x. Suppose -x*s - s + o = 0. What are the prime factors of s?
2, 5
Let u be -1 - (-6)/((-4)/(-2)). List the prime factors of u + -3 + 5 + -2.
2
Let o be 0/((-1 - 1) + 0). Let u(v) = -6*v**2 + o*v**2 + 8 + 0*v**2 - v**3. What are the prime factors of u(-6)?
2
Let b(c) = 6*c + 18. What are the prime factors of b(7)?
2, 3, 5
List the prime factors of (-3)/((-18)/42)*46.
2, 7, 23
Let x = 12 - 23. Let t = x + 18. What are the prime factors of t?
7
Let d(t) = t + 51. List the prime factors of d(0).
3, 17
Let m(t) = 1 + t**2 + 1 - 2*t - 3*t + 3*t. What are the prime factors of m(4)?
2, 5
Let g(t) = -t**3 + 8*t**2 - 6*t + 4. List the prime factors of g(6).
2, 5
Let h(n) = 0 + 0 + 6*n**2 - n**3 + 3 - 4*n. Let y = -5 - -10. List the prime factors of h(y).
2
Suppose 64 = 4*m - 2*m. Suppose 5*w + m = 157. What are the prime factors of w?
5
Suppose -4*w + 402 = -w. Suppose -p = 4*s - w, 18 = s - 2*p - 11. What are the prime factors of s?
3, 11
Suppose 0*j - 5*j = 135. Let s = j - -50. List the prime factors of s.
23
What are the prime factors of 51 + 2/(2/3)?
2, 3
Let t(m) = m**3 + m**2. Let a be t(0). Let f(u) = -u**3 + 17. List the prime factors of f(a).
17
Let t(l) = 28*l - 55. List the prime factors of t(11).
11, 23
Let n(t) = 5*t - 6. What are the prime factors of n(4)?
2, 7
Suppose -7*z + 40 = -3*z. Suppose 5*m = -0*m - z. What are the prime factors of 15/(0 - (m + 1))?
3, 5
Suppose 0 = -g - 2*j, -g + 5*g + 3*j = -20. Let n = g + 10. Suppose 4*m = 8*m + 2*a - 22, -5*m = n*a - 25. What are the prime factors of m?
3
Suppose -3*f = -m - m + 9, -3*f + 4*m = 15. List the prime factors of 13 - 3/(-2 + f).
2, 7
Let s be -2 - (-7 + 2/(-1)). Suppose 0 = -4*l - 4*u + 36, 2*u + 3*u + s = -l. What are the prime factors of l?
13
Let o be (-9)/(-12) + (-1)/(-4). Suppose -2*l = -o - 21. List the prime factors of l.
11
Let b be -29*(-5)/(2 - 1). Let r = -95 + b. Suppose 8*d = 3*d + r. What are the prime factors of d?
2, 5
Let w = 0 - -2. Suppose w*u + 102 = 5*u. What are the prime factors of u?
2, 17
Let z(x) = -x**2 + x + 2. Let h be z(0). Suppose 4*g + h = 10. Suppose -3*n = -4 - g. What are the prime factors of n?
2
Suppose 5*l = -2*s + 67, -5*s - 2*l = -146 - 74. What are the prime factors of s?
2, 23
Let s(v) = v + 35. List the prime factors of s(11).
2, 23
Let j = 9 + -7. What are the prime factors of (7 - -1 - j) + -1?
5
Suppose 2*v = -j + 6*v + 18, 0 = -j + 3*v + 14. Let t(z) = 3 - 5*z + 3*z**3 - z**3 - z**3 + 4*z**j. What are the prime factors of t(-5)?
3
Suppose 0 = 2*u - 29 + 9. Let k be 12/(-10)*u/(-3). Suppose i - 4*i + 5*l = -27, -4*l + 36 = k*i. What are the prime factors of i?
3
Suppose 5*r = r - 3*u + 209, -5*r - 3*u = -262. What are the prime factors of r?
53
Suppose -21 = 5*r - 4*z, 11 = -6*r + 4*r - z. Let t(d) = 5*d - 9. Let l be t(4). Let c = r + l. List the prime factors of c.
2, 3
Let o = 14 + -48. Let d be 2/(2 + 2)*o. Let v = d - -31. List the prime factors of v.
2, 7
Let j(g) = 2*g + 4. Let p(v) = -3*v + 3. Let l be p(2). Let z be j(l). Let n = 1 - z. List the prime factors of n.
3
Let g(k) = 2*k + 28. Suppose -64 = -4*a + 4*d, 4*a + 2*d = d + 44. What are the prime factors of g(a)?
2, 13
Let x = -110 - -173. What are the prime factors of x?
3, 7
Let j(y) = 2*y**2 + 4*y - y**2 - 1 - 5*y. Let l be j(-1). Suppose 2*a + 5*t = 8, 5*t = -5*a + l + 34. List the prime factors of a.
3
Let o be ((-770)/(-8))/5*4. Suppose 0 = -x + 2*x + 5*d - 37, -2*d = -5*x + o. What are the prime factors of x?
17
Let f = -10 + 17. What are the prime factors of f?
7
Let r(u) = u**2 + 10*u + 15. What are the prime factors of r(10)?
5, 43
Suppose 4*c = 5*c. Suppose -3*u - 2*u - 4*k + 37 = c, 10 = -5*k. What are the prime factors of u?
3
Suppose 3*s - 1 = -5*a, -2*a = -5*s + 12 - 0. Suppose 4*f - 3*o - 55 = 0, 2*f + s*o + 2*o = 44. What are the prime factors of f?
2
Let m(u) = -u**3 + 5*u**2 + 9*u - 8. Let c be 6/(-9)*3 - -8. List the prime factors of m(c).
2, 5
Suppose 3*m = -0*m + 3. List the prime factors of 34 + m + -2 - -4.
37
Let z(s) = 3*s**2 + 7*s + 4. Let i be z(-4). Suppose 16 = 2*u - i. List the prime factors of u.
2, 5
Suppose -5*b + 3*d + 84 = 0, 7*b - 2*b = 4*d + 87. Let p = 21 - b. List the prime factors of p.
2, 3
Suppose 4*r - 2*r + k - 292 = 0, -3*r = -k - 433. List the prime factors of r.
5, 29
Suppose 2*x - v - 1 = -0*v, -x + 4*v = -4. Let m(t) = t**3 - t + 38. List the prime factors of m(x).
2, 19
Suppose 3*q + 2*u = -1, 3*q = q + 4*u + 26. Suppose 9 = -3*o, o - 133 = -k - q*k. Suppose -2*j + k = 6*i - 2*i, -16 = -2*j + 5*i. List the prime factors of j.
13
Let t = -3 + 11. Suppose t*r - 40 = 4*r. What are the prime factors of r?
2, 5
Suppose 160 = -4*i + 5*d - d, 0 = 4*d + 16. Let j = -17 - i. What are the prime factors of j?
3
Suppose -o + 2*n + 2*n + 23 = 0, n = 0. Let a = -9 + o. List the prime factors of a.
2, 7
Suppose -3 = 5*x + 2. Let a be (-1 + x + 3)*4. Suppose a*d + d = 55. List the prime factors of d.
11
Let i(d) = 0 + 19*d + 18*d + 4 - 9*d. Let n be i(3). Suppose 5*s - n = -4*w - 32, 4*s + 14 = w. List the prime factors of w.
2, 7
Suppose -1620 = -4*r + 4*g, r - 370 = -4*g + 35. Suppose 2*z - r = -2*z + m, -5*z + 4*m = -498. What are the prime factors of z/8 + 2/8?
13
Let n be (-24)/(-15) + (-4)/(-10). Suppose 4*v = -2*p + 46, n*p = v - 15 + 41. What are the prime factors of (p - (3 - 1))*1?
13
Suppose 2 = -2*l + x, -4 = -6*l + l - 2*x. Suppose -4*v = 5 + 7, -5*k - 5*v = l. What are the prime factors of k?
3
Let d = -46 + 108. Suppose -d = -4*z - 5*u, -3*z - 10 + 43 = -3*u. What are the prime factors of z?
13
Let i = -3 + 4. Let u(w) be the third derivative of w**5/3 - w**4/24 + w**3/6 - 7*w**2. What are the prime factors of u(i)?
2, 5
List the prime factors of 0 + 2 + 130/2.
67
Let y = -8 + 11. Let r be 136/12 + 2/y. List the prime factors of (r + 0)*(-1)/(-1).
2, 3
Suppose -3*i + 5*w + 168 = 0, 2*i + 2*w - 79 = 49. What are the prime factors of i?
61
Suppose -3*x + 3*u = 8*u + 29, 2*u = 2*x + 14. What are the prime factors of 12/x*88/(-6)?
2, 11
Let w = 4 + 6. What are the prime factors of w?
2, 5
Suppose 0*u - u - 4*j = 6, -8 = -5*u - j. Suppose -2*o = -0*a - u*a + 50, -101 = -4*a + 3*o. What are the prime factors of a?
2, 13
Suppose -5*t - 41 - 86 = -4*q, 5*q = -t + 137. What are the prime factors of q?
2, 7
Suppose -8 = 4*y + 4. Let t be (y + 0)*136/(-6). Suppose 0 = -5*c + t - 18. What are the prime factors of c?
2, 5
Let i(m) = -2*m**3 - 6*m**2 - 4*m. Let j be i(-5). Suppose -2*h + 3*q = -23, -2*q - 3*q + j = 5*h. List the prime factors of h.
19
Let w(y) = -3*y - 3. Let z be w(-8). Let v = 38 - z. List the prime factors of v.
17
Let o be (-2)/4*(1 + -7). Suppose -5*i = o*m - 124, -4*m + 51 = -2*m - 3*i. What are the prime factors of m?
3, 11
What are the prime factors of 5*(0 - 1)/(-1)?
5
Let o = 96 + -57. List the prime factors of o.
3, 13
Suppose 0 = k + 5*l - 180, -k + 5*l - 1000 = -6*k. List the prime factors of k.
5, 41
Let n = 31 + 16. What are the prime factors of n?
47
Let g(j) be the third derivative of j**5/60 - j**4/4 + 5*j**3/3 - 2*j**2. Let k be g(7). Suppose -k = -3*l - 5. What are the prime factors of l?
2
Suppose 2*v - 4 = v. Let x(n) = -n**3 + 4*n**2 + 2*n + 3. List the prime factors of x(v).
11
What are the prime factors of (-98)/((-4)/8*4)?
7
Let l be (21/14)/((-2)/(-4)). List the prime factors of (-43)/(-3) + (-1)/l.
2, 7
Suppose 5*g + 3*m = -39 + 183, 0 = -2*m + 6. What are the prime factors of g?
3
Let o = -46 - -86. Sup